{"version":"1.0","type":"rich","provider_name":"Izquierda Unida - El Viso del Alcor","provider_url":"https:\/\/iuelviso.org","title":"Bolsa  de   trabajo  de  Administrativo\/a en Valencina (Sevilla)","author_name":"Granada Santos","width":"742","height":"410","url":"https:\/\/iuelviso.org\/bolsa-de-trabajo-de-administrativo-a-en-valencina-sevilla","html":"\u003Ch4 class='title'\u003E\u003Ca href='https:\/\/iuelviso.org\/bolsa-de-trabajo-de-administrativo-a-en-valencina-sevilla'\u003EBolsa  de   trabajo  de  Administrativo\/a en Valencina (Sevilla)\u003C\/a\u003E\u003C\/h4\u003E\u003Cblockquote class='spip'\u003E\u003Cp\u003EProceso de selecci\u00f3n para la constituci\u00f3n de una bolsa de trabajo para proveer mediante nombramiento interino o contrataci\u00f3n laboral temporal, plazas de la categor\u00eda de Administrativo, perteneciente al Subgrupo C1 del Ayuntamiento de Valencina de la Concepci\u00f3n, mediante sistema de concurso-oposici\u00f3n.\u003C\/p\u003E\u003C\/blockquote\u003E\n"}

<h4 class='title'><a href='https://iuelviso.org/bolsa-de-trabajo-de-administrativo-a-en-valencina-sevilla'>Bolsa  de   trabajo  de  Administrativo/a en Valencina (Sevilla)</a></h4><blockquote class='spip'><p>Proceso de selección para la constitución de una bolsa de trabajo para proveer mediante nombramiento interino o contratación laboral temporal, plazas de la categoría de Administrativo, perteneciente al Subgrupo C1 del Ayuntamiento de Valencina de la Concepción, mediante sistema de concurso-oposición.</p></blockquote>
